{"id":172,"date":"2013-11-27T21:14:27","date_gmt":"2013-11-27T19:14:27","guid":{"rendered":"http:\/\/www.st-franziskus-schwarzenbach-saale.de\/wpsf\/?page_id=172"},"modified":"2025-04-09T16:03:01","modified_gmt":"2025-04-09T16:03:01","slug":"kinder-kiche","status":"publish","type":"page","link":"https:\/\/www.st-franziskus-schwarzenbach-saale.de\/?page_id=172","title":{"rendered":"Kinder-Kirche"},"content":{"rendered":"<p>Zu einem festen Bestandteil im kirchlichem Leben unserer Gemeinde kann man den Kleinkinder &#8211; Gottesdienst z\u00e4hlen.<\/p>\n<p>Ca. alle sechs Wochen trifft sich ein sehr engagiertes Vorbereitungsteam, um den n\u00e4chsten Kleinkinder &#8211; Gottesdienst zu planen und geeignete Lieder und Gebete auszuw\u00e4hlen.<\/p>\n<p>Durch die gemeinsame Gottesdienstfeier von Kind und Eltern sollen Kleinkinder und Kinder im Kindergartenalter in das Gemeindeleben eingef\u00fchrt und kindgerecht mit der Bibel vertraut gemacht werden.<\/p>\n<p>Ansprechpartner:<\/p>\n<table style=\"width: 58.596%; height: 69px;\" border=\"0\" cellspacing=\"0\" cellpadding=\"0\">\n<tbody>\n<tr style=\"height: 23px;\">\n<td style=\"height: 23px;\" width=\"200\">Astrid Schubert<\/td>\n<td style=\"height: 23px;\" width=\"289\"><\/td>\n<\/tr>\n<tr style=\"height: 23px;\">\n<td style=\"height: 23px;\" width=\"200\">Eva Paulack<\/td>\n<td style=\"height: 23px;\" width=\"289\"><\/td>\n<\/tr>\n<tr style=\"height: 23px;\">\n<td style=\"height: 23px;\" width=\"200\">Claudia R\u00fcpplein<\/td>\n<td style=\"height: 23px;\" width=\"289\"><\/td>\n<\/tr>\n<\/tbody>\n<\/table>\n","protected":false},"excerpt":{"rendered":"<p>Zu einem festen Bestandteil im kirchlichem Leben unserer Gemeinde kann man den Kleinkinder &#8211; Gottesdienst z\u00e4hlen. Ca. alle sechs Wochen trifft sich ein sehr engagiertes Vorbereitungsteam, um den n\u00e4chsten Kleinkinder &#8211; Gottesdienst zu planen und geeignete Lieder und Gebete auszuw\u00e4hlen. Durch die gemeinsame Gottesdienstfeier von Kind und Eltern sollen Kleinkinder und Kinder im Kindergartenalter in [&hellip;]<\/p>\n","protected":false},"author":1,"featured_media":175,"parent":0,"menu_order":0,"comment_status":"closed","ping_status":"closed","template":"","meta":{"footnotes":""},"class_list":["post-172","page","type-page","status-publish","has-post-thumbnail","hentry"],"_links":{"self":[{"href":"https:\/\/www.st-franziskus-schwarzenbach-saale.de\/index.php?rest_route=\/wp\/v2\/pages\/172","targetHints":{"allow":["GET"]}}],"collection":[{"href":"https:\/\/www.st-franziskus-schwarzenbach-saale.de\/index.php?rest_route=\/wp\/v2\/pages"}],"about":[{"href":"https:\/\/www.st-franziskus-schwarzenbach-saale.de\/index.php?rest_route=\/wp\/v2\/types\/page"}],"author":[{"embeddable":true,"href":"https:\/\/www.st-franziskus-schwarzenbach-saale.de\/index.php?rest_route=\/wp\/v2\/users\/1"}],"replies":[{"embeddable":true,"href":"https:\/\/www.st-franziskus-schwarzenbach-saale.de\/index.php?rest_route=%2Fwp%2Fv2%2Fcomments&post=172"}],"version-history":[{"count":7,"href":"https:\/\/www.st-franziskus-schwarzenbach-saale.de\/index.php?rest_route=\/wp\/v2\/pages\/172\/revisions"}],"predecessor-version":[{"id":3395,"href":"https:\/\/www.st-franziskus-schwarzenbach-saale.de\/index.php?rest_route=\/wp\/v2\/pages\/172\/revisions\/3395"}],"wp:featuredmedia":[{"embeddable":true,"href":"https:\/\/www.st-franziskus-schwarzenbach-saale.de\/index.php?rest_route=\/wp\/v2\/media\/175"}],"wp:attachment":[{"href":"https:\/\/www.st-franziskus-schwarzenbach-saale.de\/index.php?rest_route=%2Fwp%2Fv2%2Fmedia&parent=172"}],"curies":[{"name":"wp","href":"https:\/\/api.w.org\/{rel}","templated":true}]}}